inder when 13175 is divided by 10782?
2393
What is the remainder when 1093506 is divided by 20250?
6
What is the remainder when 50013 is divided by 6168?
669
What is the remainder when 17602463 is divided by 1932?
11
What is the remainder when 61240702 is divided by 30651?
4
What is the remainder when 15790954 is divided by 7895472?
10
What is the remainder when 5807776 is divided by 90746?
32
Calculate the remainder when 4776381 is divided by 2181.
2172
Calculate the remainder when 3541694 is divided by 2034.
500
Calculate the remainder when 3440762 is divided by 1146920.
2
What is the remainder when 29689464 is divided by 6481?
3
What is the remainder when 2270253 is divided by 567558?
21
What is the remainder when 110486 is divided by 1188?
2
Calculate the remainder when 9767534 is divided by 29509.
55
Calculate the remainder when 5183858 is divided by 387.
380
Calculate the remainder when 24239311 is divided by 712920.
31
What is the remainder when 687826 is divided by 65?
61
What is the remainder when 239497 is divided by 953?
294
What is the remainder when 15896216 is divided by 467535?
26
What is the remainder when 987112 is divided by 10614?
10
Calculate the remainder when 378093 is divided by 126026.
15
What is the remainder when 2560421 is divided by 4877?
4873
Calculate the remainder when 1222831 is divided by 1890.
1
Calculate the remainder when 54359 is divided by 1056.
503
Calculate the remainder when 136530 is divided by 12378.
372
What is the remainder when 517733 is divided by 215?
13
What is the remainder when 662470 is divided by 983?
911
What is the remainder when 104251044 is divided by 3447?
3423
Calculate the remainder when 8729318 is divided by 301.
17
What is the remainder when 1219886 is divided by 1415?
156
What is the remainder when 144625 is divided by 446?
121
What is the remainder when 340167 is divided by 373?
364
Calculate the remainder when 12270951 is divided by 1363439.
0
What is the remainder when 760290 is divided by 195?
180
What is the remainder when 511312 is divided by 127621?
828
Calculate the remainder when 7502449 is divided by 37.
33
What is the remainder when 44704 is divided by 14889?
37
What is the remainder when 213214 is divided by 3280?
14
What is the remainder when 1211139 is divided by 1802?
195
What is the remainder when 14873 is divided by 2108?
117
What is the remainder when 9445140 is divided by 314?
20
What is the remainder when 12121050 is divided by 2886?
2736
Calculate the remainder when 1177699 is divided by 1004.
7
What is the remainder when 365890 is divided by 359?
69
Calculate the remainder when 17112958 is divided by 1426064.
190
Calculate the remainder when 85916 is divided by 1812.
752
Calculate the remainder when 95076 is divided by 6790.
16
What is the remainder when 2107274 is divided by 134?
124
Calculate the remainder when 539845 is divided by 10378.
189
What is the remainder when 164713 is divided by 54837?
202
Calculate the remainder when 124395 is divided by 124135.
260
What is the remainder when 686709 is divided by 1532?
373
Calculate the remainder when 7640442 is divided by 545742.
54
What is the remainder when 341792 is divided by 277?
251
What is the remainder when 1790720 is divided by 1790516?
204
What is the remainder when 106876483 is divided by 34?
33
What is the remainder when 7474357 is divided by 747434?
17
Calculate the remainder when 125091 is divided by 16988.
6175
What is the remainder when 505270 is divided by 348?
322
What is the remainder when 490251 is divided by 180?
111
What is the remainder when 70787 is divided by 2317?
1277
Calculate the remainder when 213636 is divided by 906.
726
Calculate the remainder when 80630 is divided by 134.
96
Calculate the remainder when 16880489 is divided by 255.
254
What is the remainder when 844069 is divided by 105470?
309
Calculate the remainder when 1503 is divided by 201.
96
Calculate the remainder when 21784 is divided by 10105.
1574
What is the remainder when 813292 is divided by 1189?
16
What is the remainder when 27643301 is divided by 5630?
1
Calculate the remainder when 39838138 is divided by 47.
45
Calculate the remainder when 153244 is divided by 10216.
4
Calculate the remainder when 5762072 is divided by 5762065.
7
What is the remainder when 5737646 is divided by 24625?
21
Calculate the remainder when 26115048 is divided by 463.
459
Calculate the remainder when 64693396 is divided by 86143.
3
What is the remainder when 4301533 is divided by 76813?
5
What is the remainder when 395794 is divided by 131916?
46
Calculate the remainder when 705573 is divided by 352763.
47
Calculate the remainder when 1181802 is divided by 1666.
608
Calculate the remainder when 93619 is divided by 3792.
2611
Calculate the remainder when 460851866 is divided by 10.
6
What is the remainder when 133604 is divided by 6360?
44
Calculate the remainder when 12137222 is divided by 8776.
14
What is the remainder when 1736241 is divided by 69378?
1791
Calculate the remainder when 134549 is divided by 418.
371
Calculate the remainder when 8120257 is divided by 735.
712
What is the remainder when 571055589 is divided by 727?
724
What is the remainder when 3723343 is divided by 3723318?
25
What is the remainder when 253951 is divided by 2793?
2581
Calculate the remainder when 91392369 is divided by 73763.
12
What is the remainder when 7128652 is divided by 14088?
124
What is the remainder when 2199289 is divided by 111?
46
Calculate the remainder when 53505 is divided by 12976.
1601
What is the remainder when 260226 is divided by 692?
34
What is the remainder when 3244510 is divided by 111876?
106
What is the remainder when 111240750 is divided by 21?
12
Calculate the remainder when 1427249 is divided by 109741.
616
What is the remainder when 322615 is divided by 9764?
403
What is the remainder when 174562503 is divided by 4742?
4741
Calculate the remainder when 198555 is divided by 2.
1
Calculate the remainder when 171850546 is divided by 42962635.
6
Calculate the remainder when 371439 is divided by 2670.
309
What is the remainder when 25985 is divided by 7154?
4523
Calculate the remainder when 17506 is divided by 8456.
594
What is the remainder when 97345710 is divided by 26?
20
What is the remainder when 1277827 is divided by 23133?
5512
Calculate the remainder when 84236 is divided by 1006.
738
What is the remainder when 14311 is divided by 4759?
34
What is the remainder when 70086 is divided by 2988?
1362
What is the remainder when 16812 is divided by 4021?
728
Calculate the remainder when 2642385 is divided by 249.
246
What is the remainder when 2574440 is divided by 324?
260
What is the remainder when 2612686 is divided by 41?
2
What is the remainder when 123186433 is divided by 62?
59
Calculate the remainder when 8569368 is divided by 486.
216
Calculate the remainder when 21204938 is divided by 10602465.
8
Calculate the remainder when 1672538 is divided by 139371.
86
What is the remainder when 3223 is divided by 102?
61
Calculate the remainder when 9856 is divided by 8141.
1715
Calculate the remainder when 4732039 is divided by 2248.
2247
What is the remainder when 364862079 is divided by 440?
439
Calculate the remainder when 1159920 is divided by 96654.
72
Calculate the remainder when 430096 is divided by 14336.
16
Calculate the remainder when 836860 is divided by 325.
310
What is the remainder when 788885 is divided by 788547?
338
Calculate the remainder when 6711 is divided by 76.
23
Calculate the remainder when 482857 is divided by 1543.
1441
Calculate the remainder when 311634328 is divided by 1091.
1088
Calculate the remainder when 2264906 is divided by 5011.
4945
Calculate the remainder when 2858775 is divided by 3703.
59
Calculate the remainder when 2522879 is divided by 73.
72
Calculate the remainder when 1063618 is divided by 265.
173
What is the remainder when 2051604 is divided by 136758?
234
What is the remainder when 11683413 is divided by 23?
11
What is the remainder when 78943097 is divided by 129?
128
Calculate the remainder when 264675494 is divided by 1136.
1126
Calculate the remainder when 1104869383 is divided by 11909.
11908
Calculate the remainder when 234170 is divided by 74.
34
Calculate the re